{"id":5440,"date":"2025-12-01T20:52:01","date_gmt":"2025-12-01T20:52:01","guid":{"rendered":"https:\/\/darkorchid-narwhal-360002.hostingersite.com\/?page_id=5440"},"modified":"2026-02-10T15:45:04","modified_gmt":"2026-02-10T15:45:04","slug":"gisele","status":"publish","type":"page","link":"https:\/\/cograjau.com.br\/?page_id=5440","title":{"rendered":"Gisele"},"content":{"rendered":"\t\t<div data-elementor-type=\"wp-page\" data-elementor-id=\"5440\" class=\"elementor elementor-5440\">\n\t\t\t\t<div class=\"elementor-element elementor-element-59db61d e-flex e-con-boxed wpr-particle-no wpr-jarallax-no wpr-parallax-no wpr-sticky-section-no wpr-equal-height-no e-con e-parent\" data-id=\"59db61d\" data-element_type=\"container\" data-e-type=\"container\">\n\t\t\t\t\t<div class=\"e-con-inner\">\n\t\t\t\t\t<\/div>\n\t\t\t\t<\/div>\n\t\t<div class=\"elementor-element elementor-element-dfee83a e-flex e-con-boxed wpr-particle-no wpr-jarallax-no wpr-parallax-no wpr-sticky-section-no wpr-equal-height-no e-con e-parent\" data-id=\"dfee83a\" data-element_type=\"container\" data-e-type=\"container\">\n\t\t\t\t\t<div class=\"e-con-inner\">\n\t\t<div class=\"elementor-element elementor-element-d4d935d e-con-full e-flex wpr-particle-no wpr-jarallax-no wpr-parallax-no wpr-sticky-section-no wpr-equal-height-no e-con e-child\" data-id=\"d4d935d\" data-element_type=\"container\" data-e-type=\"container\">\n\t\t\t\t<div class=\"elementor-element elementor-element-4d3be04 elementor-widget elementor-widget-image\" data-id=\"4d3be04\" data-element_type=\"widget\" data-e-type=\"widget\" data-widget_type=\"image.default\">\n\t\t\t\t\t\t\t\t\t\t\t\t\t\t\t<img fetchpriority=\"high\" decoding=\"async\" width=\"768\" height=\"960\" src=\"https:\/\/cograjau.com.br\/wp-content\/uploads\/2026\/02\/14.png\" class=\"attachment-medium_large size-medium_large wp-image-7225\" alt=\"\" \/>\t\t\t\t\t\t\t\t\t\t\t\t\t\t\t<\/div>\n\t\t\t\t<\/div>\n\t\t<div class=\"elementor-element elementor-element-35a0560 e-con-full e-flex wpr-particle-no wpr-jarallax-no wpr-parallax-no wpr-sticky-section-no wpr-equal-height-no e-con e-child\" data-id=\"35a0560\" data-element_type=\"container\" data-e-type=\"container\">\n\t\t\t\t<div class=\"elementor-element elementor-element-42dad92 elementor-widget elementor-widget-heading\" data-id=\"42dad92\" data-element_type=\"widget\" data-e-type=\"widget\" data-widget_type=\"heading.default\">\n\t\t\t\t\t<h2 class=\"elementor-heading-title elementor-size-default\">Gisele<\/h2>\t\t\t\t<\/div>\n\t\t\t\t<div class=\"elementor-element elementor-element-a2bc93a elementor-widget elementor-widget-text-editor\" data-id=\"a2bc93a\" data-element_type=\"widget\" data-e-type=\"widget\" data-widget_type=\"text-editor.default\">\n\t\t\t\t\t\t\t\t\t<p>Graduada em Psicologia pela Universidade Est\u00e1cio de S\u00e1<br \/>Especialista em Psicologia Cl\u00ednica pelo Conselho Federal de Psicologia<\/p><p>P\u00f3s-gradua\u00e7\u00e3o em Gest\u00e3o e Doc\u00eancia no Ensino Superior pela Universidade Est\u00e1cio de S\u00e1<\/p><p>Mestre em Educa\u00e7\u00e3o Profissional e Tecnol\u00f3gica pelo Instituto Federal de Educa\u00e7\u00e3o, Ci\u00eancia e Tecnologia de Roraima<\/p><p>Doutoranda em Psicologia Social pela Universidade do Estado do Rio de Janeiro<\/p><p>Membro da Sociedade Brasileira de Psicologia<\/p><p>Membro do Grupo de Trabalho em Habilidades Sociais e Rela\u00e7\u00f5es Interpessoais da Associa\u00e7\u00e3o Nacional de Pesquisa e P\u00f3s-gradua\u00e7\u00e3o em Psicologia.<\/p><p>Psic\u00f3loga Cl\u00ednica da Cograja\u00fa \u2013 Tratamento da Dor\u00a0\u2502\u00a0COG.Cograja\u00fa<\/p>\t\t\t\t\t\t\t\t<\/div>\n\t\t\t\t<\/div>\n\t\t\t\t\t<\/div>\n\t\t\t\t<\/div>\n\t\t\t\t<\/div>\n\t\t","protected":false},"excerpt":{"rendered":"<p>Gisele Graduada em Psicologia pela Universidade Est\u00e1cio de S\u00e1Especialista em Psicologia Cl\u00ednica pelo Conselho Federal de Psicologia P\u00f3s-gradua\u00e7\u00e3o em Gest\u00e3o e Doc\u00eancia no Ensino Superior pela Universidade Est\u00e1cio de S\u00e1 Mestre em Educa\u00e7\u00e3o Profissional e Tecnol\u00f3gica pelo Instituto Federal de Educa\u00e7\u00e3o, Ci\u00eancia e Tecnologia de Roraima Doutoranda em Psicologia Social pela Universidade do Estado do Rio de Janeiro Membro da Sociedade Brasileira de Psicologia Membro do Grupo de Trabalho em Habilidades Sociais e Rela\u00e7\u00f5es Interpessoais da Associa\u00e7\u00e3o Nacional de Pesquisa e P\u00f3s-gradua\u00e7\u00e3o em Psicologia. Psic\u00f3loga Cl\u00ednica da Cograja\u00fa \u2013 Tratamento da Dor\u00a0\u2502\u00a0COG.Cograja\u00fa<\/p>\n","protected":false},"author":1,"featured_media":0,"parent":0,"menu_order":0,"comment_status":"closed","ping_status":"closed","template":"elementor_canvas","meta":{"footnotes":""},"class_list":["post-5440","page","type-page","status-publish","hentry"],"aioseo_notices":[],"_links":{"self":[{"href":"https:\/\/cograjau.com.br\/index.php?rest_route=\/wp\/v2\/pages\/5440","targetHints":{"allow":["GET"]}}],"collection":[{"href":"https:\/\/cograjau.com.br\/index.php?rest_route=\/wp\/v2\/pages"}],"about":[{"href":"https:\/\/cograjau.com.br\/index.php?rest_route=\/wp\/v2\/types\/page"}],"author":[{"embeddable":true,"href":"https:\/\/cograjau.com.br\/index.php?rest_route=\/wp\/v2\/users\/1"}],"replies":[{"embeddable":true,"href":"https:\/\/cograjau.com.br\/index.php?rest_route=%2Fwp%2Fv2%2Fcomments&post=5440"}],"version-history":[{"count":3,"href":"https:\/\/cograjau.com.br\/index.php?rest_route=\/wp\/v2\/pages\/5440\/revisions"}],"predecessor-version":[{"id":7498,"href":"https:\/\/cograjau.com.br\/index.php?rest_route=\/wp\/v2\/pages\/5440\/revisions\/7498"}],"wp:attachment":[{"href":"https:\/\/cograjau.com.br\/index.php?rest_route=%2Fwp%2Fv2%2Fmedia&parent=5440"}],"curies":[{"name":"wp","href":"https:\/\/api.w.org\/{rel}","templated":true}]}}