{"id":5413,"date":"2025-12-01T20:40:29","date_gmt":"2025-12-01T20:40:29","guid":{"rendered":"https:\/\/darkorchid-narwhal-360002.hostingersite.com\/?page_id=5413"},"modified":"2026-02-10T15:43:19","modified_gmt":"2026-02-10T15:43:19","slug":"matheus-pires","status":"publish","type":"page","link":"https:\/\/cograjau.com.br\/?page_id=5413","title":{"rendered":"Matheus Pires"},"content":{"rendered":"\t\t<div data-elementor-type=\"wp-page\" data-elementor-id=\"5413\" class=\"elementor elementor-5413\">\n\t\t\t\t<div class=\"elementor-element elementor-element-379b127 e-flex e-con-boxed wpr-particle-no wpr-jarallax-no wpr-parallax-no wpr-sticky-section-no wpr-equal-height-no e-con e-parent\" data-id=\"379b127\" data-element_type=\"container\" data-e-type=\"container\">\n\t\t\t\t\t<div class=\"e-con-inner\">\n\t\t\t\t\t<\/div>\n\t\t\t\t<\/div>\n\t\t<div class=\"elementor-element elementor-element-f6da6db e-flex e-con-boxed wpr-particle-no wpr-jarallax-no wpr-parallax-no wpr-sticky-section-no wpr-equal-height-no e-con e-parent\" data-id=\"f6da6db\" data-element_type=\"container\" data-e-type=\"container\">\n\t\t\t\t\t<div class=\"e-con-inner\">\n\t\t<div class=\"elementor-element elementor-element-12d953f e-con-full e-flex wpr-particle-no wpr-jarallax-no wpr-parallax-no wpr-sticky-section-no wpr-equal-height-no e-con e-child\" data-id=\"12d953f\" data-element_type=\"container\" data-e-type=\"container\">\n\t\t\t\t<div class=\"elementor-element elementor-element-4d3be04 elementor-widget elementor-widget-image\" data-id=\"4d3be04\" data-element_type=\"widget\" data-e-type=\"widget\" data-widget_type=\"image.default\">\n\t\t\t\t\t\t\t\t\t\t\t\t\t\t\t<img fetchpriority=\"high\" decoding=\"async\" width=\"768\" height=\"960\" src=\"https:\/\/cograjau.com.br\/wp-content\/uploads\/2026\/02\/12.png\" class=\"attachment-medium_large size-medium_large wp-image-7227\" alt=\"\" \/>\t\t\t\t\t\t\t\t\t\t\t\t\t\t\t<\/div>\n\t\t\t\t<\/div>\n\t\t<div class=\"elementor-element elementor-element-182ed76 e-con-full e-flex wpr-particle-no wpr-jarallax-no wpr-parallax-no wpr-sticky-section-no wpr-equal-height-no e-con e-child\" data-id=\"182ed76\" data-element_type=\"container\" data-e-type=\"container\">\n\t\t\t\t<div class=\"elementor-element elementor-element-251c890 elementor-widget elementor-widget-heading\" data-id=\"251c890\" data-element_type=\"widget\" data-e-type=\"widget\" data-widget_type=\"heading.default\">\n\t\t\t\t\t<h2 class=\"elementor-heading-title elementor-size-default\">Matheus Pires<\/h2>\t\t\t\t<\/div>\n\t\t\t\t<div class=\"elementor-element elementor-element-fcf5318 elementor-widget elementor-widget-text-editor\" data-id=\"fcf5318\" data-element_type=\"widget\" data-e-type=\"widget\" data-widget_type=\"text-editor.default\">\n\t\t\t\t\t\t\t\t\t<p>Graduado em Fisioterapia pelo Centro Universit\u00e1rio Celso Lisboa<\/p><p>P\u00f3s graduando Lato Sensu em Osteopatia pelo Centro Universit\u00e1rio Celso Lisboa<\/p><p>P\u00f3s graduando Lato Sensu em Traumato Ortopedia pela Fisio Academy<\/p><p>P\u00f3s graduando Lato Sensu em Doc\u00eancia do Ensino Superior pela FacuMinas<\/p><p>Forma\u00e7\u00e3o internacional no Conceito Mulligan \/ Physioscience<\/p><p>Curso de capacita\u00e7\u00e3o em RPG \/ Fisart<\/p><p>Curso de capacita\u00e7\u00e3o em Termografia Cl\u00ednica \/ Predikta<\/p><p>Curso de capacita\u00e7\u00e3o em Fotobiomodula\u00e7\u00e3o \/ BIOS Cursos<\/p><p>Curso de capacita\u00e7\u00e3o em em Reabilita\u00e7\u00e3o Funcional \/ Cinetica Edu<\/p><p>Especializa\u00e7\u00e3o em Avalia\u00e7\u00e3o de pisada e palmilha\u00a0funcional<\/p>\t\t\t\t\t\t\t\t<\/div>\n\t\t\t\t<\/div>\n\t\t\t\t\t<\/div>\n\t\t\t\t<\/div>\n\t\t\t\t<\/div>\n\t\t","protected":false},"excerpt":{"rendered":"<p>Matheus Pires Graduado em Fisioterapia pelo Centro Universit\u00e1rio Celso Lisboa P\u00f3s graduando Lato Sensu em Osteopatia pelo Centro Universit\u00e1rio Celso Lisboa P\u00f3s graduando Lato Sensu em Traumato Ortopedia pela Fisio Academy P\u00f3s graduando Lato Sensu em Doc\u00eancia do Ensino Superior pela FacuMinas Forma\u00e7\u00e3o internacional no Conceito Mulligan \/ Physioscience Curso de capacita\u00e7\u00e3o em RPG \/ Fisart Curso de capacita\u00e7\u00e3o em Termografia Cl\u00ednica \/ Predikta Curso de capacita\u00e7\u00e3o em Fotobiomodula\u00e7\u00e3o \/ BIOS Cursos Curso de capacita\u00e7\u00e3o em em Reabilita\u00e7\u00e3o Funcional \/ Cinetica Edu Especializa\u00e7\u00e3o em Avalia\u00e7\u00e3o de pisada e palmilha\u00a0funcional<\/p>\n","protected":false},"author":1,"featured_media":0,"parent":0,"menu_order":0,"comment_status":"closed","ping_status":"closed","template":"elementor_canvas","meta":{"footnotes":""},"class_list":["post-5413","page","type-page","status-publish","hentry"],"aioseo_notices":[],"_links":{"self":[{"href":"https:\/\/cograjau.com.br\/index.php?rest_route=\/wp\/v2\/pages\/5413","targetHints":{"allow":["GET"]}}],"collection":[{"href":"https:\/\/cograjau.com.br\/index.php?rest_route=\/wp\/v2\/pages"}],"about":[{"href":"https:\/\/cograjau.com.br\/index.php?rest_route=\/wp\/v2\/types\/page"}],"author":[{"embeddable":true,"href":"https:\/\/cograjau.com.br\/index.php?rest_route=\/wp\/v2\/users\/1"}],"replies":[{"embeddable":true,"href":"https:\/\/cograjau.com.br\/index.php?rest_route=%2Fwp%2Fv2%2Fcomments&post=5413"}],"version-history":[{"count":3,"href":"https:\/\/cograjau.com.br\/index.php?rest_route=\/wp\/v2\/pages\/5413\/revisions"}],"predecessor-version":[{"id":7486,"href":"https:\/\/cograjau.com.br\/index.php?rest_route=\/wp\/v2\/pages\/5413\/revisions\/7486"}],"wp:attachment":[{"href":"https:\/\/cograjau.com.br\/index.php?rest_route=%2Fwp%2Fv2%2Fmedia&parent=5413"}],"curies":[{"name":"wp","href":"https:\/\/api.w.org\/{rel}","templated":true}]}}