{"id":4907,"date":"2025-11-28T22:56:24","date_gmt":"2025-11-28T22:56:24","guid":{"rendered":"https:\/\/darkorchid-narwhal-360002.hostingersite.com\/?page_id=4907"},"modified":"2026-02-12T13:03:47","modified_gmt":"2026-02-12T13:03:47","slug":"fotobiomodulacao","status":"publish","type":"page","link":"https:\/\/cograjau.com.br\/?page_id=4907","title":{"rendered":"FotoBioModula\u00e7\u00e3o"},"content":{"rendered":"\t\t<div data-elementor-type=\"wp-page\" data-elementor-id=\"4907\" class=\"elementor elementor-4907\">\n\t\t\t\t<div class=\"elementor-element elementor-element-deb49a6 elementor-hidden-tablet elementor-hidden-mobile e-flex e-con-boxed wpr-particle-no wpr-jarallax-no wpr-parallax-no wpr-sticky-section-no wpr-equal-height-no e-con e-parent\" data-id=\"deb49a6\" data-element_type=\"container\" data-e-type=\"container\" data-settings=\"{&quot;background_background&quot;:&quot;classic&quot;}\">\n\t\t\t\t\t<div class=\"e-con-inner\">\n\t\t<div class=\"elementor-element elementor-element-d376e61 e-con-full e-flex wpr-particle-no wpr-jarallax-no wpr-parallax-no wpr-sticky-section-no wpr-equal-height-no e-con e-child\" data-id=\"d376e61\" data-element_type=\"container\" data-e-type=\"container\" data-settings=\"{&quot;background_background&quot;:&quot;classic&quot;}\">\n\t\t\t\t<div class=\"elementor-element elementor-element-6d93a8c elementor-widget-divider--view-line elementor-widget elementor-widget-divider\" data-id=\"6d93a8c\" data-element_type=\"widget\" data-e-type=\"widget\" data-widget_type=\"divider.default\">\n\t\t\t\t\t\t\t<div class=\"elementor-divider\">\n\t\t\t<span class=\"elementor-divider-separator\">\n\t\t\t\t\t\t<\/span>\n\t\t<\/div>\n\t\t\t\t\t\t<\/div>\n\t\t\t\t<div class=\"elementor-element elementor-element-035acb7 elementor-widget elementor-widget-text-editor\" data-id=\"035acb7\" data-element_type=\"widget\" data-e-type=\"widget\" data-widget_type=\"text-editor.default\">\n\t\t\t\t\t\t\t\t\t<p><a href=\"\/\">Home<\/a> \u00bb <a href=\"\/tratamentos\/\">Tratamentos<\/a> \u00bb <a href=\"\/terapias-fisicas-e-biologicas\/\">Terapias f\u00edsicas e biol\u00f3gicas<\/a> \u00bb FotoBioModula\u00e7\u00e3o<\/p>\t\t\t\t\t\t\t\t<\/div>\n\t\t\t\t<div class=\"elementor-element elementor-element-12a1f2f elementor-widget elementor-widget-heading\" data-id=\"12a1f2f\" data-element_type=\"widget\" data-e-type=\"widget\" data-widget_type=\"heading.default\">\n\t\t\t\t\t<h2 class=\"elementor-heading-title elementor-size-default\">FotoBioModula\u00e7\u00e3o<\/h2>\t\t\t\t<\/div>\n\t\t\t\t<div class=\"elementor-element elementor-element-a6792d6 elementor-widget elementor-widget-text-editor\" data-id=\"a6792d6\" data-element_type=\"widget\" data-e-type=\"widget\" data-widget_type=\"text-editor.default\">\n\t\t\t\t\t\t\t\t\t<p>A Fotobiomodula\u00e7\u00e3o \u00e9 uma terapia inovadora e n\u00e3o invasiva que utiliza a luz (em alta ou baixa intensidade, geralmente laser ou LED) para estimular a regenera\u00e7\u00e3o celular, reduzir inflama\u00e7\u00f5es e aliviar a dor.<\/p>\t\t\t\t\t\t\t\t<\/div>\n\t\t\t\t<div class=\"elementor-element elementor-element-d3632ec elementor-view-default elementor-widget elementor-widget-icon\" data-id=\"d3632ec\" data-element_type=\"widget\" data-e-type=\"widget\" data-widget_type=\"icon.default\">\n\t\t\t\t\t\t\t<div class=\"elementor-icon-wrapper\">\n\t\t\t<div class=\"elementor-icon\">\n\t\t\t<svg aria-hidden=\"true\" class=\"e-font-icon-svg e-fas-angle-down\" viewBox=\"0 0 320 512\" xmlns=\"http:\/\/www.w3.org\/2000\/svg\"><path d=\"M143 352.3L7 216.3c-9.4-9.4-9.4-24.6 0-33.9l22.6-22.6c9.4-9.4 24.6-9.4 33.9 0l96.4 96.4 96.4-96.4c9.4-9.4 24.6-9.4 33.9 0l22.6 22.6c9.4 9.4 9.4 24.6 0 33.9l-136 136c-9.2 9.4-24.4 9.4-33.8 0z\"><\/path><\/svg>\t\t\t<\/div>\n\t\t<\/div>\n\t\t\t\t\t\t<\/div>\n\t\t\t\t<div class=\"elementor-element elementor-element-a7a1ada elementor-widget-divider--view-line elementor-widget elementor-widget-divider\" data-id=\"a7a1ada\" data-element_type=\"widget\" data-e-type=\"widget\" data-widget_type=\"divider.default\">\n\t\t\t\t\t\t\t<div class=\"elementor-divider\">\n\t\t\t<span class=\"elementor-divider-separator\">\n\t\t\t\t\t\t<\/span>\n\t\t<\/div>\n\t\t\t\t\t\t<\/div>\n\t\t\t\t<\/div>\n\t\t\t\t\t<\/div>\n\t\t\t\t<\/div>\n\t\t<div class=\"elementor-element elementor-element-3bc7b25 elementor-hidden-desktop e-flex e-con-boxed wpr-particle-no wpr-jarallax-no wpr-parallax-no wpr-sticky-section-no wpr-equal-height-no e-con e-parent\" data-id=\"3bc7b25\" data-element_type=\"container\" data-e-type=\"container\" data-settings=\"{&quot;background_background&quot;:&quot;classic&quot;}\">\n\t\t\t\t\t<div class=\"e-con-inner\">\n\t\t<div class=\"elementor-element elementor-element-043925a e-con-full e-flex wpr-particle-no wpr-jarallax-no wpr-parallax-no wpr-sticky-section-no wpr-equal-height-no e-con e-child\" data-id=\"043925a\" data-element_type=\"container\" data-e-type=\"container\" data-settings=\"{&quot;background_background&quot;:&quot;classic&quot;}\">\n\t\t\t\t<div class=\"elementor-element elementor-element-eaa29da elementor-widget-divider--view-line elementor-widget elementor-widget-divider\" data-id=\"eaa29da\" data-element_type=\"widget\" data-e-type=\"widget\" data-widget_type=\"divider.default\">\n\t\t\t\t\t\t\t<div class=\"elementor-divider\">\n\t\t\t<span class=\"elementor-divider-separator\">\n\t\t\t\t\t\t<\/span>\n\t\t<\/div>\n\t\t\t\t\t\t<\/div>\n\t\t\t\t<div class=\"elementor-element elementor-element-c4d09c5 elementor-widget elementor-widget-text-editor\" data-id=\"c4d09c5\" data-element_type=\"widget\" data-e-type=\"widget\" data-widget_type=\"text-editor.default\">\n\t\t\t\t\t\t\t\t\t<p><a href=\"\/\">Home<\/a> \u00bb <a href=\"\/tratamentos\/\">Tratamentos<\/a> \u00bb <a href=\"\/terapias-fisicas-e-biologicas\/\">Terapias f\u00edsicas e biol\u00f3gicas<\/a> \u00bb FotoBioModula\u00e7\u00e3o<\/p>\t\t\t\t\t\t\t\t<\/div>\n\t\t\t\t<div class=\"elementor-element elementor-element-16fe3e7 elementor-widget elementor-widget-heading\" data-id=\"16fe3e7\" data-element_type=\"widget\" data-e-type=\"widget\" data-widget_type=\"heading.default\">\n\t\t\t\t\t<h2 class=\"elementor-heading-title elementor-size-default\">FotoBioModula\u00e7\u00e3o<\/h2>\t\t\t\t<\/div>\n\t\t\t\t<div class=\"elementor-element elementor-element-904a3a8 elementor-widget elementor-widget-text-editor\" data-id=\"904a3a8\" data-element_type=\"widget\" data-e-type=\"widget\" data-widget_type=\"text-editor.default\">\n\t\t\t\t\t\t\t\t\t<p>A Fotobiomodula\u00e7\u00e3o \u00e9 uma terapia inovadora e n\u00e3o invasiva que utiliza a luz (em alta ou baixa intensidade, geralmente laser ou LED) para estimular a regenera\u00e7\u00e3o celular, reduzir inflama\u00e7\u00f5es e aliviar a dor.<\/p>\t\t\t\t\t\t\t\t<\/div>\n\t\t\t\t<div class=\"elementor-element elementor-element-0d5dfb1 elementor-view-default elementor-widget elementor-widget-icon\" data-id=\"0d5dfb1\" data-element_type=\"widget\" data-e-type=\"widget\" data-widget_type=\"icon.default\">\n\t\t\t\t\t\t\t<div class=\"elementor-icon-wrapper\">\n\t\t\t<div class=\"elementor-icon\">\n\t\t\t<svg aria-hidden=\"true\" class=\"e-font-icon-svg e-fas-angle-down\" viewBox=\"0 0 320 512\" xmlns=\"http:\/\/www.w3.org\/2000\/svg\"><path d=\"M143 352.3L7 216.3c-9.4-9.4-9.4-24.6 0-33.9l22.6-22.6c9.4-9.4 24.6-9.4 33.9 0l96.4 96.4 96.4-96.4c9.4-9.4 24.6-9.4 33.9 0l22.6 22.6c9.4 9.4 9.4 24.6 0 33.9l-136 136c-9.2 9.4-24.4 9.4-33.8 0z\"><\/path><\/svg>\t\t\t<\/div>\n\t\t<\/div>\n\t\t\t\t\t\t<\/div>\n\t\t\t\t<div class=\"elementor-element elementor-element-4735fbb elementor-widget-divider--view-line elementor-widget elementor-widget-divider\" data-id=\"4735fbb\" data-element_type=\"widget\" data-e-type=\"widget\" data-widget_type=\"divider.default\">\n\t\t\t\t\t\t\t<div class=\"elementor-divider\">\n\t\t\t<span class=\"elementor-divider-separator\">\n\t\t\t\t\t\t<\/span>\n\t\t<\/div>\n\t\t\t\t\t\t<\/div>\n\t\t\t\t<\/div>\n\t\t\t\t\t<\/div>\n\t\t\t\t<\/div>\n\t\t<div class=\"elementor-element elementor-element-130f26e e-flex e-con-boxed wpr-particle-no wpr-jarallax-no wpr-parallax-no wpr-sticky-section-no wpr-equal-height-no e-con e-parent\" data-id=\"130f26e\" data-element_type=\"container\" data-e-type=\"container\">\n\t\t\t\t\t<div class=\"e-con-inner\">\n\t\t\t\t<div class=\"elementor-element elementor-element-6a83ffe elementor-widget-divider--view-line elementor-widget elementor-widget-divider\" data-id=\"6a83ffe\" data-element_type=\"widget\" data-e-type=\"widget\" data-widget_type=\"divider.default\">\n\t\t\t\t\t\t\t<div class=\"elementor-divider\">\n\t\t\t<span class=\"elementor-divider-separator\">\n\t\t\t\t\t\t<\/span>\n\t\t<\/div>\n\t\t\t\t\t\t<\/div>\n\t\t\t\t<div class=\"elementor-element elementor-element-a851615 elementor-widget elementor-widget-text-editor\" data-id=\"a851615\" data-element_type=\"widget\" data-e-type=\"widget\" data-widget_type=\"text-editor.default\">\n\t\t\t\t\t\t\t\t\t<p>Ao penetrar nos tecidos, a luz \u00e9 absorvida pelas mitoc\u00f4ndrias das c\u00e9lulas, ativando processos biol\u00f3gicos que favorecem a\u00a0<strong>recupera\u00e7\u00e3o tecidual e o equil\u00edbrio funcional do organismo<\/strong>.<\/p><p>Essa t\u00e9cnica \u00e9 amplamente utilizada na medicina regenerativa, fisioterapia, dermatologia e controle da dor, por sua efic\u00e1cia e seguran\u00e7a.<\/p><p>\u00a0<\/p><h2 id=\"h-indicacoes-da-fotobiomodulacao\" class=\"wp-block-heading\">Indica\u00e7\u00f5es da FotoBioModula\u00e7\u00e3o<\/h2><ul class=\"wp-block-list\"><li>Tendinites, bursites e les\u00f5es musculares<\/li><li>Artrose e dores articulares<\/li><li>Fibromialgia<\/li><li>Dor cr\u00f4nica ou aguda<\/li><li>Inflama\u00e7\u00f5es dos tecidos moles<\/li><li>Acelera\u00e7\u00e3o da cicatriza\u00e7\u00e3o (feridas, p\u00f3s-operat\u00f3rios)<\/li><li>Rejuvenescimento e recupera\u00e7\u00e3o de pele<\/li><li>Neuropatias perif\u00e9ricas<\/li><li>Recupera\u00e7\u00e3o de fraturas e regenera\u00e7\u00e3o \u00f3ssea<\/li><\/ul><div>\u00a0<\/div><h2 id=\"h-beneficios-da-fotobiomodulacao\" class=\"wp-block-heading\">Benef\u00edcios da FotoBioModula\u00e7\u00e3o<\/h2><ul class=\"wp-block-list\"><li><strong>Redu\u00e7\u00e3o eficaz da dor:\u00a0<\/strong>Alivia a dor de forma segura e natural, sem uso de medicamentos.<\/li><li><strong>A\u00e7\u00e3o anti-inflamat\u00f3ria:\u00a0<\/strong>Diminui edemas e inflama\u00e7\u00f5es em diferentes tecidos do corpo.<\/li><li><strong>Estimula a regenera\u00e7\u00e3o celular:<\/strong>\u00a0Ativa o metabolismo das c\u00e9lulas, acelerando a cicatriza\u00e7\u00e3o e o reparo tecidual.<\/li><li><strong>Melhora a circula\u00e7\u00e3o local:\u00a0<\/strong>Favorece a oxigena\u00e7\u00e3o e a nutri\u00e7\u00e3o dos tecidos tratados.<\/li><li><strong>Tratamento indolor e seguro:\u00a0<\/strong>Sess\u00f5es r\u00e1pidas, confort\u00e1veis e sem efeitos colaterais.<\/li><\/ul><div>\u00a0<\/div><p><strong>Vers\u00e1til e complementar:\u00a0<\/strong>Pode ser combinada com PRP, fisioterapia, TOC e outros recursos regenerativos.Na\u00a0<strong>SanosLife<\/strong>, a Fotobiomodula\u00e7\u00e3o \u00e9 utilizada como parte de protocolos personalizados, oferecendo resultados significativos na reabilita\u00e7\u00e3o funcional e no al\u00edvio da dor. Um tratamento moderno, eficaz e acolhedor para quem busca qualidade de vida com seguran\u00e7a.<\/p>\t\t\t\t\t\t\t\t<\/div>\n\t\t\t\t\t<\/div>\n\t\t\t\t<\/div>\n\t\t<div class=\"elementor-element elementor-element-1c160c4 e-flex e-con-boxed wpr-particle-no wpr-jarallax-no wpr-parallax-no wpr-sticky-section-no wpr-equal-height-no e-con e-parent\" data-id=\"1c160c4\" data-element_type=\"container\" data-e-type=\"container\">\n\t\t\t\t\t<div class=\"e-con-inner\">\n\t\t\t\t<div class=\"elementor-element elementor-element-182823e elementor-align-center elementor-widget elementor-widget-button\" data-id=\"182823e\" data-element_type=\"widget\" data-e-type=\"widget\" data-widget_type=\"button.default\">\n\t\t\t\t\t\t\t\t\t\t<a class=\"elementor-button elementor-button-link elementor-size-sm\" href=\"https:\/\/api.whatsapp.com\/send\/?phone=5521985635375&#038;text=Ol%C3%A1%21+Estou+vindo+pelo+SITE+e+gostaria+de+informa%C3%A7%C3%B5es.+Pode+me+ajudar%3F\">\n\t\t\t\t\t\t<span class=\"elementor-button-content-wrapper\">\n\t\t\t\t\t\t\t\t\t<span class=\"elementor-button-text\">Marque uma consulta<\/span>\n\t\t\t\t\t<\/span>\n\t\t\t\t\t<\/a>\n\t\t\t\t\t\t\t\t<\/div>\n\t\t\t\t\t<\/div>\n\t\t\t\t<\/div>\n\t\t<div class=\"elementor-element elementor-element-8eeb13c e-flex e-con-boxed wpr-particle-no wpr-jarallax-no wpr-parallax-no wpr-sticky-section-no wpr-equal-height-no e-con e-parent\" data-id=\"8eeb13c\" data-element_type=\"container\" data-e-type=\"container\">\n\t\t\t\t\t<div class=\"e-con-inner\">\n\t\t\t\t<div class=\"elementor-element elementor-element-19e647f elementor-widget-divider--view-line elementor-widget elementor-widget-divider\" data-id=\"19e647f\" data-element_type=\"widget\" data-e-type=\"widget\" data-widget_type=\"divider.default\">\n\t\t\t\t\t\t\t<div class=\"elementor-divider\">\n\t\t\t<span class=\"elementor-divider-separator\">\n\t\t\t\t\t\t<\/span>\n\t\t<\/div>\n\t\t\t\t\t\t<\/div>\n\t\t\t\t\t<\/div>\n\t\t\t\t<\/div>\n\t\t\t\t<\/div>\n\t\t","protected":false},"excerpt":{"rendered":"<p>Home \u00bb Tratamentos \u00bb Terapias f\u00edsicas e biol\u00f3gicas \u00bb FotoBioModula\u00e7\u00e3o FotoBioModula\u00e7\u00e3o A Fotobiomodula\u00e7\u00e3o \u00e9 uma terapia inovadora e n\u00e3o invasiva que utiliza a luz (em alta ou baixa intensidade, geralmente laser ou LED) para estimular a regenera\u00e7\u00e3o celular, reduzir inflama\u00e7\u00f5es e aliviar a dor. Home \u00bb Tratamentos \u00bb Terapias f\u00edsicas e biol\u00f3gicas \u00bb FotoBioModula\u00e7\u00e3o FotoBioModula\u00e7\u00e3o A Fotobiomodula\u00e7\u00e3o \u00e9 uma terapia inovadora e n\u00e3o invasiva que utiliza a luz (em alta ou baixa intensidade, geralmente laser ou LED) para estimular a regenera\u00e7\u00e3o celular, reduzir inflama\u00e7\u00f5es e aliviar a dor. Ao penetrar nos tecidos, a luz \u00e9 absorvida pelas mitoc\u00f4ndrias das c\u00e9lulas, ativando processos biol\u00f3gicos que favorecem a\u00a0recupera\u00e7\u00e3o tecidual e o equil\u00edbrio funcional do organismo. Essa t\u00e9cnica \u00e9 amplamente utilizada na medicina regenerativa, fisioterapia, dermatologia e controle da dor, por sua efic\u00e1cia e seguran\u00e7a. \u00a0 Indica\u00e7\u00f5es da FotoBioModula\u00e7\u00e3o Tendinites, bursites e les\u00f5es musculares Artrose e dores articulares Fibromialgia Dor cr\u00f4nica ou aguda Inflama\u00e7\u00f5es dos tecidos moles Acelera\u00e7\u00e3o da cicatriza\u00e7\u00e3o (feridas, p\u00f3s-operat\u00f3rios) Rejuvenescimento e recupera\u00e7\u00e3o de pele Neuropatias perif\u00e9ricas Recupera\u00e7\u00e3o de fraturas e regenera\u00e7\u00e3o \u00f3ssea \u00a0 Benef\u00edcios da FotoBioModula\u00e7\u00e3o Redu\u00e7\u00e3o eficaz da dor:\u00a0Alivia a dor de forma segura e natural, sem uso de medicamentos. A\u00e7\u00e3o anti-inflamat\u00f3ria:\u00a0Diminui edemas e inflama\u00e7\u00f5es em diferentes tecidos do corpo. Estimula a regenera\u00e7\u00e3o celular:\u00a0Ativa o metabolismo das c\u00e9lulas, acelerando a cicatriza\u00e7\u00e3o e o reparo tecidual. Melhora a circula\u00e7\u00e3o local:\u00a0Favorece a oxigena\u00e7\u00e3o e a nutri\u00e7\u00e3o dos tecidos tratados. Tratamento indolor e seguro:\u00a0Sess\u00f5es r\u00e1pidas, confort\u00e1veis e sem efeitos colaterais. \u00a0 Vers\u00e1til e complementar:\u00a0Pode ser combinada com PRP, fisioterapia, TOC e outros recursos regenerativos.Na\u00a0SanosLife, a Fotobiomodula\u00e7\u00e3o \u00e9 utilizada como parte de protocolos personalizados, oferecendo resultados significativos na reabilita\u00e7\u00e3o funcional e no al\u00edvio da dor. Um tratamento moderno, eficaz e acolhedor para quem busca qualidade de vida com seguran\u00e7a. Marque uma consulta<\/p>\n","protected":false},"author":1,"featured_media":0,"parent":0,"menu_order":0,"comment_status":"closed","ping_status":"closed","template":"elementor_canvas","meta":{"footnotes":""},"class_list":["post-4907","page","type-page","status-publish","hentry"],"aioseo_notices":[],"_links":{"self":[{"href":"https:\/\/cograjau.com.br\/index.php?rest_route=\/wp\/v2\/pages\/4907","targetHints":{"allow":["GET"]}}],"collection":[{"href":"https:\/\/cograjau.com.br\/index.php?rest_route=\/wp\/v2\/pages"}],"about":[{"href":"https:\/\/cograjau.com.br\/index.php?rest_route=\/wp\/v2\/types\/page"}],"author":[{"embeddable":true,"href":"https:\/\/cograjau.com.br\/index.php?rest_route=\/wp\/v2\/users\/1"}],"replies":[{"embeddable":true,"href":"https:\/\/cograjau.com.br\/index.php?rest_route=%2Fwp%2Fv2%2Fcomments&post=4907"}],"version-history":[{"count":6,"href":"https:\/\/cograjau.com.br\/index.php?rest_route=\/wp\/v2\/pages\/4907\/revisions"}],"predecessor-version":[{"id":7995,"href":"https:\/\/cograjau.com.br\/index.php?rest_route=\/wp\/v2\/pages\/4907\/revisions\/7995"}],"wp:attachment":[{"href":"https:\/\/cograjau.com.br\/index.php?rest_route=%2Fwp%2Fv2%2Fmedia&parent=4907"}],"curies":[{"name":"wp","href":"https:\/\/api.w.org\/{rel}","templated":true}]}}