{"id":4802,"date":"2025-11-28T20:06:52","date_gmt":"2025-11-28T20:06:52","guid":{"rendered":"https:\/\/darkorchid-narwhal-360002.hostingersite.com\/?page_id=4802"},"modified":"2026-02-12T12:31:27","modified_gmt":"2026-02-12T12:31:27","slug":"plano-alimentar-personalizado","status":"publish","type":"page","link":"https:\/\/cograjau.com.br\/?page_id=4802","title":{"rendered":"Plano Alimentar Personalizado"},"content":{"rendered":"\t\t<div data-elementor-type=\"wp-page\" data-elementor-id=\"4802\" class=\"elementor elementor-4802\">\n\t\t\t\t<div class=\"elementor-element elementor-element-a1468e1 elementor-hidden-tablet elementor-hidden-mobile e-flex e-con-boxed wpr-particle-no wpr-jarallax-no wpr-parallax-no wpr-sticky-section-no wpr-equal-height-no e-con e-parent\" data-id=\"a1468e1\" data-element_type=\"container\" data-e-type=\"container\" data-settings=\"{&quot;background_background&quot;:&quot;classic&quot;}\">\n\t\t\t\t\t<div class=\"e-con-inner\">\n\t\t<div class=\"elementor-element elementor-element-691d88e e-con-full e-flex wpr-particle-no wpr-jarallax-no wpr-parallax-no wpr-sticky-section-no wpr-equal-height-no e-con e-child\" data-id=\"691d88e\" data-element_type=\"container\" data-e-type=\"container\" data-settings=\"{&quot;background_background&quot;:&quot;classic&quot;}\">\n\t\t\t\t<div class=\"elementor-element elementor-element-e17eca5 elementor-widget-divider--view-line elementor-widget elementor-widget-divider\" data-id=\"e17eca5\" data-element_type=\"widget\" data-e-type=\"widget\" data-widget_type=\"divider.default\">\n\t\t\t\t\t\t\t<div class=\"elementor-divider\">\n\t\t\t<span class=\"elementor-divider-separator\">\n\t\t\t\t\t\t<\/span>\n\t\t<\/div>\n\t\t\t\t\t\t<\/div>\n\t\t\t\t<div class=\"elementor-element elementor-element-bc2b046 elementor-widget elementor-widget-text-editor\" data-id=\"bc2b046\" data-element_type=\"widget\" data-e-type=\"widget\" data-widget_type=\"text-editor.default\">\n\t\t\t\t\t\t\t\t\t<p><a href=\"\/\">Home<\/a> \u00bb <a href=\"\/tratamentos\/\">Tratamentos<\/a> \u00bb <a href=\"\/terapias-complementares\/\">Terapias Complementares<\/a> \u00bb Plano Alimentar Personalizado<\/p>\t\t\t\t\t\t\t\t<\/div>\n\t\t\t\t<div class=\"elementor-element elementor-element-87d0c5b elementor-widget elementor-widget-heading\" data-id=\"87d0c5b\" data-element_type=\"widget\" data-e-type=\"widget\" data-widget_type=\"heading.default\">\n\t\t\t\t\t<h2 class=\"elementor-heading-title elementor-size-default\">Plano Alimentar Personalizado<\/h2>\t\t\t\t<\/div>\n\t\t\t\t<div class=\"elementor-element elementor-element-bc86230 elementor-widget elementor-widget-text-editor\" data-id=\"bc86230\" data-element_type=\"widget\" data-e-type=\"widget\" data-widget_type=\"text-editor.default\">\n\t\t\t\t\t\t\t\t\t<p>Na Cograja\u00fa, entendemos que cada corpo \u00e9 \u00fanico \u2014 e a forma como nos alimentamos deve refletir essa individualidade.<\/p>\t\t\t\t\t\t\t\t<\/div>\n\t\t\t\t<div class=\"elementor-element elementor-element-6373eab elementor-view-default elementor-widget elementor-widget-icon\" data-id=\"6373eab\" data-element_type=\"widget\" data-e-type=\"widget\" data-widget_type=\"icon.default\">\n\t\t\t\t\t\t\t<div class=\"elementor-icon-wrapper\">\n\t\t\t<div class=\"elementor-icon\">\n\t\t\t<svg aria-hidden=\"true\" class=\"e-font-icon-svg e-fas-angle-down\" viewBox=\"0 0 320 512\" xmlns=\"http:\/\/www.w3.org\/2000\/svg\"><path d=\"M143 352.3L7 216.3c-9.4-9.4-9.4-24.6 0-33.9l22.6-22.6c9.4-9.4 24.6-9.4 33.9 0l96.4 96.4 96.4-96.4c9.4-9.4 24.6-9.4 33.9 0l22.6 22.6c9.4 9.4 9.4 24.6 0 33.9l-136 136c-9.2 9.4-24.4 9.4-33.8 0z\"><\/path><\/svg>\t\t\t<\/div>\n\t\t<\/div>\n\t\t\t\t\t\t<\/div>\n\t\t\t\t<div class=\"elementor-element elementor-element-8d2122a elementor-widget-divider--view-line elementor-widget elementor-widget-divider\" data-id=\"8d2122a\" data-element_type=\"widget\" data-e-type=\"widget\" data-widget_type=\"divider.default\">\n\t\t\t\t\t\t\t<div class=\"elementor-divider\">\n\t\t\t<span class=\"elementor-divider-separator\">\n\t\t\t\t\t\t<\/span>\n\t\t<\/div>\n\t\t\t\t\t\t<\/div>\n\t\t\t\t<\/div>\n\t\t\t\t\t<\/div>\n\t\t\t\t<\/div>\n\t\t<div class=\"elementor-element elementor-element-2f2fa1d elementor-hidden-desktop e-flex e-con-boxed wpr-particle-no wpr-jarallax-no wpr-parallax-no wpr-sticky-section-no wpr-equal-height-no e-con e-parent\" data-id=\"2f2fa1d\" data-element_type=\"container\" data-e-type=\"container\" data-settings=\"{&quot;background_background&quot;:&quot;classic&quot;}\">\n\t\t\t\t\t<div class=\"e-con-inner\">\n\t\t<div class=\"elementor-element elementor-element-342ed43 e-con-full e-flex wpr-particle-no wpr-jarallax-no wpr-parallax-no wpr-sticky-section-no wpr-equal-height-no e-con e-child\" data-id=\"342ed43\" data-element_type=\"container\" data-e-type=\"container\" data-settings=\"{&quot;background_background&quot;:&quot;classic&quot;}\">\n\t\t\t\t<div class=\"elementor-element elementor-element-9a8f170 elementor-widget-divider--view-line elementor-widget elementor-widget-divider\" data-id=\"9a8f170\" data-element_type=\"widget\" data-e-type=\"widget\" data-widget_type=\"divider.default\">\n\t\t\t\t\t\t\t<div class=\"elementor-divider\">\n\t\t\t<span class=\"elementor-divider-separator\">\n\t\t\t\t\t\t<\/span>\n\t\t<\/div>\n\t\t\t\t\t\t<\/div>\n\t\t\t\t<div class=\"elementor-element elementor-element-af3edc0 elementor-widget elementor-widget-text-editor\" data-id=\"af3edc0\" data-element_type=\"widget\" data-e-type=\"widget\" data-widget_type=\"text-editor.default\">\n\t\t\t\t\t\t\t\t\t<p><a href=\"\/\">Home<\/a> \u00bb <a href=\"\/tratamentos\/\">Tratamentos<\/a> \u00bb <a href=\"\/terapias-complementares\/\">Terapias Complementares<\/a> \u00bb Plano Alimentar Personalizado<\/p>\t\t\t\t\t\t\t\t<\/div>\n\t\t\t\t<div class=\"elementor-element elementor-element-fa10519 elementor-widget elementor-widget-heading\" data-id=\"fa10519\" data-element_type=\"widget\" data-e-type=\"widget\" data-widget_type=\"heading.default\">\n\t\t\t\t\t<h2 class=\"elementor-heading-title elementor-size-default\">Plano Alimentar Personalizado<\/h2>\t\t\t\t<\/div>\n\t\t\t\t<div class=\"elementor-element elementor-element-7622a84 elementor-widget elementor-widget-text-editor\" data-id=\"7622a84\" data-element_type=\"widget\" data-e-type=\"widget\" data-widget_type=\"text-editor.default\">\n\t\t\t\t\t\t\t\t\t<p>Na Cograja\u00fa, entendemos que cada corpo \u00e9 \u00fanico \u2014 e a forma como nos alimentamos deve refletir essa individualidade.<\/p>\t\t\t\t\t\t\t\t<\/div>\n\t\t\t\t<div class=\"elementor-element elementor-element-d8e452a elementor-view-default elementor-widget elementor-widget-icon\" data-id=\"d8e452a\" data-element_type=\"widget\" data-e-type=\"widget\" data-widget_type=\"icon.default\">\n\t\t\t\t\t\t\t<div class=\"elementor-icon-wrapper\">\n\t\t\t<div class=\"elementor-icon\">\n\t\t\t<svg aria-hidden=\"true\" class=\"e-font-icon-svg e-fas-angle-down\" viewBox=\"0 0 320 512\" xmlns=\"http:\/\/www.w3.org\/2000\/svg\"><path d=\"M143 352.3L7 216.3c-9.4-9.4-9.4-24.6 0-33.9l22.6-22.6c9.4-9.4 24.6-9.4 33.9 0l96.4 96.4 96.4-96.4c9.4-9.4 24.6-9.4 33.9 0l22.6 22.6c9.4 9.4 9.4 24.6 0 33.9l-136 136c-9.2 9.4-24.4 9.4-33.8 0z\"><\/path><\/svg>\t\t\t<\/div>\n\t\t<\/div>\n\t\t\t\t\t\t<\/div>\n\t\t\t\t<div class=\"elementor-element elementor-element-01b92b5 elementor-widget-divider--view-line elementor-widget elementor-widget-divider\" data-id=\"01b92b5\" data-element_type=\"widget\" data-e-type=\"widget\" data-widget_type=\"divider.default\">\n\t\t\t\t\t\t\t<div class=\"elementor-divider\">\n\t\t\t<span class=\"elementor-divider-separator\">\n\t\t\t\t\t\t<\/span>\n\t\t<\/div>\n\t\t\t\t\t\t<\/div>\n\t\t\t\t<\/div>\n\t\t\t\t\t<\/div>\n\t\t\t\t<\/div>\n\t\t<div class=\"elementor-element elementor-element-130f26e e-flex e-con-boxed wpr-particle-no wpr-jarallax-no wpr-parallax-no wpr-sticky-section-no wpr-equal-height-no e-con e-parent\" data-id=\"130f26e\" data-element_type=\"container\" data-e-type=\"container\">\n\t\t\t\t\t<div class=\"e-con-inner\">\n\t\t\t\t<div class=\"elementor-element elementor-element-6a83ffe elementor-widget-divider--view-line elementor-widget elementor-widget-divider\" data-id=\"6a83ffe\" data-element_type=\"widget\" data-e-type=\"widget\" data-widget_type=\"divider.default\">\n\t\t\t\t\t\t\t<div class=\"elementor-divider\">\n\t\t\t<span class=\"elementor-divider-separator\">\n\t\t\t\t\t\t<\/span>\n\t\t<\/div>\n\t\t\t\t\t\t<\/div>\n\t\t\t\t<div class=\"elementor-element elementor-element-a851615 elementor-widget elementor-widget-text-editor\" data-id=\"a851615\" data-element_type=\"widget\" data-e-type=\"widget\" data-widget_type=\"text-editor.default\">\n\t\t\t\t\t\t\t\t\t<p>Por isso, oferecemos o\u00a0<strong>plano alimentar personalizado<\/strong>, elaborado por nutricionistas especializados, com base no seu hist\u00f3rico cl\u00ednico, estilo de vida, necessidades metab\u00f3licas e objetivos de sa\u00fade.<\/p><p>Mais do que uma dieta, o plano alimentar \u00e9 uma\u00a0<strong>ferramenta terap\u00eautica<\/strong>, usada para prevenir doen\u00e7as, modular processos inflamat\u00f3rios, auxiliar na recupera\u00e7\u00e3o funcional e promover equil\u00edbrio f\u00edsico e emocional.<\/p><p>\u00a0<\/p><h2 id=\"h-para-quem-e-indicado\" class=\"wp-block-heading\">Para quem \u00e9 indicado?<\/h2><ul class=\"wp-block-list\"><li>Pessoas com dores cr\u00f4nicas, inflama\u00e7\u00f5es ou doen\u00e7as autoimunes<\/li><li>Pacientes em tratamento ortop\u00e9dico, regenerativo ou p\u00f3s-operat\u00f3rio<\/li><li>Indiv\u00edduos com dist\u00farbios metab\u00f3licos (resist\u00eancia \u00e0 insulina, colesterol elevado, obesidade)<\/li><li>Atletas ou pessoas fisicamente ativas<\/li><li>Quem deseja melhorar a qualidade de vida, energia e disposi\u00e7\u00e3o<\/li><li>Pessoas com dist\u00farbios gastrointestinais, ansiedade, compuls\u00e3o alimentar ou ins\u00f4nia<\/li><\/ul><div>\u00a0<\/div><h2 id=\"h-o-que-o-plano-alimentar-na-sanoslife-considera\" class=\"wp-block-heading\">O que o plano alimentar na SanosLife considera?<\/h2><ul class=\"wp-block-list\"><li>Avalia\u00e7\u00e3o corporal com bioimped\u00e2ncia<\/li><li>Exames laboratoriais e avalia\u00e7\u00e3o de micronutrientes<\/li><li>Rotina, prefer\u00eancias alimentares e hist\u00f3rico de sa\u00fade<\/li><li>Rela\u00e7\u00e3o emocional com a comida<\/li><li>Estrat\u00e9gias personalizadas de suplementa\u00e7\u00e3o e nutrac\u00eauticos<\/li><li>Ajustes cont\u00ednuos com base na evolu\u00e7\u00e3o de cada paciente<\/li><\/ul><div>\u00a0<\/div><h2 id=\"h-beneficios-de-um-plano-alimentar-personalizado\" class=\"wp-block-heading\">Benef\u00edcios de um plano alimentar personalizado<\/h2><ul class=\"wp-block-list\"><li>Redu\u00e7\u00e3o de inflama\u00e7\u00f5es e melhora da dor cr\u00f4nica<\/li><li>Fortalecimento do sistema imunol\u00f3gico<\/li><li>Equil\u00edbrio hormonal e metab\u00f3lico<\/li><li>Melhora do sono, concentra\u00e7\u00e3o e energia<\/li><li>Apoio ao tratamento m\u00e9dico e \u00e0s terapias regenerativas<\/li><li>Maior consci\u00eancia alimentar, sem dietas restritivas ou f\u00f3rmulas prontas<\/li><li>Promo\u00e7\u00e3o de sa\u00fade sustent\u00e1vel, com prazer e leveza na alimenta\u00e7\u00e3o<\/li><\/ul><p>Alimenta\u00e7\u00e3o \u00e9 cuidado, \u00e9 preven\u00e7\u00e3o, \u00e9 autoconsci\u00eancia.<strong>\u00a0<\/strong>Na\u00a0<strong>SanosLife<\/strong>, a nutri\u00e7\u00e3o \u00e9 parte essencial dos nossos planos terap\u00eauticos. Com um plano alimentar personalizado, voc\u00ea nutre n\u00e3o s\u00f3 o corpo, mas sua jornada de sa\u00fade como um todo.<\/p>\t\t\t\t\t\t\t\t<\/div>\n\t\t\t\t\t<\/div>\n\t\t\t\t<\/div>\n\t\t<div class=\"elementor-element elementor-element-e197636 e-flex e-con-boxed wpr-particle-no wpr-jarallax-no wpr-parallax-no wpr-sticky-section-no wpr-equal-height-no e-con e-parent\" data-id=\"e197636\" data-element_type=\"container\" data-e-type=\"container\">\n\t\t\t\t\t<div class=\"e-con-inner\">\n\t\t\t\t<div class=\"elementor-element elementor-element-e77ad5f elementor-align-center elementor-widget elementor-widget-button\" data-id=\"e77ad5f\" data-element_type=\"widget\" data-e-type=\"widget\" data-widget_type=\"button.default\">\n\t\t\t\t\t\t\t\t\t\t<a class=\"elementor-button elementor-button-link elementor-size-sm\" href=\"https:\/\/api.whatsapp.com\/send\/?phone=5521985635375&#038;text=Ol%C3%A1%21+Estou+vindo+pelo+SITE+e+gostaria+de+informa%C3%A7%C3%B5es.+Pode+me+ajudar%3F\">\n\t\t\t\t\t\t<span class=\"elementor-button-content-wrapper\">\n\t\t\t\t\t\t\t\t\t<span class=\"elementor-button-text\">Marque uma consulta<\/span>\n\t\t\t\t\t<\/span>\n\t\t\t\t\t<\/a>\n\t\t\t\t\t\t\t\t<\/div>\n\t\t\t\t\t<\/div>\n\t\t\t\t<\/div>\n\t\t<div class=\"elementor-element elementor-element-8eeb13c e-flex e-con-boxed wpr-particle-no wpr-jarallax-no wpr-parallax-no wpr-sticky-section-no wpr-equal-height-no e-con e-parent\" data-id=\"8eeb13c\" data-element_type=\"container\" data-e-type=\"container\">\n\t\t\t\t\t<div class=\"e-con-inner\">\n\t\t\t\t<div class=\"elementor-element elementor-element-19e647f elementor-widget-divider--view-line elementor-widget elementor-widget-divider\" data-id=\"19e647f\" data-element_type=\"widget\" data-e-type=\"widget\" data-widget_type=\"divider.default\">\n\t\t\t\t\t\t\t<div class=\"elementor-divider\">\n\t\t\t<span class=\"elementor-divider-separator\">\n\t\t\t\t\t\t<\/span>\n\t\t<\/div>\n\t\t\t\t\t\t<\/div>\n\t\t\t\t\t<\/div>\n\t\t\t\t<\/div>\n\t\t\t\t<\/div>\n\t\t","protected":false},"excerpt":{"rendered":"<p>Home \u00bb Tratamentos \u00bb Terapias Complementares \u00bb Plano Alimentar Personalizado Plano Alimentar Personalizado Na Cograja\u00fa, entendemos que cada corpo \u00e9 \u00fanico \u2014 e a forma como nos alimentamos deve refletir essa individualidade. Home \u00bb Tratamentos \u00bb Terapias Complementares \u00bb Plano Alimentar Personalizado Plano Alimentar Personalizado Na Cograja\u00fa, entendemos que cada corpo \u00e9 \u00fanico \u2014 e a forma como nos alimentamos deve refletir essa individualidade. Por isso, oferecemos o\u00a0plano alimentar personalizado, elaborado por nutricionistas especializados, com base no seu hist\u00f3rico cl\u00ednico, estilo de vida, necessidades metab\u00f3licas e objetivos de sa\u00fade. Mais do que uma dieta, o plano alimentar \u00e9 uma\u00a0ferramenta terap\u00eautica, usada para prevenir doen\u00e7as, modular processos inflamat\u00f3rios, auxiliar na recupera\u00e7\u00e3o funcional e promover equil\u00edbrio f\u00edsico e emocional. \u00a0 Para quem \u00e9 indicado? Pessoas com dores cr\u00f4nicas, inflama\u00e7\u00f5es ou doen\u00e7as autoimunes Pacientes em tratamento ortop\u00e9dico, regenerativo ou p\u00f3s-operat\u00f3rio Indiv\u00edduos com dist\u00farbios metab\u00f3licos (resist\u00eancia \u00e0 insulina, colesterol elevado, obesidade) Atletas ou pessoas fisicamente ativas Quem deseja melhorar a qualidade de vida, energia e disposi\u00e7\u00e3o Pessoas com dist\u00farbios gastrointestinais, ansiedade, compuls\u00e3o alimentar ou ins\u00f4nia \u00a0 O que o plano alimentar na SanosLife considera? Avalia\u00e7\u00e3o corporal com bioimped\u00e2ncia Exames laboratoriais e avalia\u00e7\u00e3o de micronutrientes Rotina, prefer\u00eancias alimentares e hist\u00f3rico de sa\u00fade Rela\u00e7\u00e3o emocional com a comida Estrat\u00e9gias personalizadas de suplementa\u00e7\u00e3o e nutrac\u00eauticos Ajustes cont\u00ednuos com base na evolu\u00e7\u00e3o de cada paciente \u00a0 Benef\u00edcios de um plano alimentar personalizado Redu\u00e7\u00e3o de inflama\u00e7\u00f5es e melhora da dor cr\u00f4nica Fortalecimento do sistema imunol\u00f3gico Equil\u00edbrio hormonal e metab\u00f3lico Melhora do sono, concentra\u00e7\u00e3o e energia Apoio ao tratamento m\u00e9dico e \u00e0s terapias regenerativas Maior consci\u00eancia alimentar, sem dietas restritivas ou f\u00f3rmulas prontas Promo\u00e7\u00e3o de sa\u00fade sustent\u00e1vel, com prazer e leveza na alimenta\u00e7\u00e3o Alimenta\u00e7\u00e3o \u00e9 cuidado, \u00e9 preven\u00e7\u00e3o, \u00e9 autoconsci\u00eancia.\u00a0Na\u00a0SanosLife, a nutri\u00e7\u00e3o \u00e9 parte essencial dos nossos planos terap\u00eauticos. Com um plano alimentar personalizado, voc\u00ea nutre n\u00e3o s\u00f3 o corpo, mas sua jornada de sa\u00fade como um todo. Marque uma consulta<\/p>\n","protected":false},"author":1,"featured_media":0,"parent":0,"menu_order":0,"comment_status":"closed","ping_status":"closed","template":"elementor_canvas","meta":{"footnotes":""},"class_list":["post-4802","page","type-page","status-publish","hentry"],"aioseo_notices":[],"_links":{"self":[{"href":"https:\/\/cograjau.com.br\/index.php?rest_route=\/wp\/v2\/pages\/4802","targetHints":{"allow":["GET"]}}],"collection":[{"href":"https:\/\/cograjau.com.br\/index.php?rest_route=\/wp\/v2\/pages"}],"about":[{"href":"https:\/\/cograjau.com.br\/index.php?rest_route=\/wp\/v2\/types\/page"}],"author":[{"embeddable":true,"href":"https:\/\/cograjau.com.br\/index.php?rest_route=\/wp\/v2\/users\/1"}],"replies":[{"embeddable":true,"href":"https:\/\/cograjau.com.br\/index.php?rest_route=%2Fwp%2Fv2%2Fcomments&post=4802"}],"version-history":[{"count":6,"href":"https:\/\/cograjau.com.br\/index.php?rest_route=\/wp\/v2\/pages\/4802\/revisions"}],"predecessor-version":[{"id":7909,"href":"https:\/\/cograjau.com.br\/index.php?rest_route=\/wp\/v2\/pages\/4802\/revisions\/7909"}],"wp:attachment":[{"href":"https:\/\/cograjau.com.br\/index.php?rest_route=%2Fwp%2Fv2%2Fmedia&parent=4802"}],"curies":[{"name":"wp","href":"https:\/\/api.w.org\/{rel}","templated":true}]}}