{"id":4668,"date":"2025-11-28T17:53:28","date_gmt":"2025-11-28T17:53:28","guid":{"rendered":"https:\/\/darkorchid-narwhal-360002.hostingersite.com\/?page_id=4668"},"modified":"2026-02-11T14:51:13","modified_gmt":"2026-02-11T14:51:13","slug":"infiltracoes-foraminais-facetarias","status":"publish","type":"page","link":"https:\/\/cograjau.com.br\/?page_id=4668","title":{"rendered":"Infiltra\u00e7\u00f5es Foraminais Facet\u00e1rias"},"content":{"rendered":"\t\t<div data-elementor-type=\"wp-page\" data-elementor-id=\"4668\" class=\"elementor elementor-4668\">\n\t\t\t\t<div class=\"elementor-element elementor-element-2de1094 elementor-hidden-tablet elementor-hidden-mobile e-flex e-con-boxed wpr-particle-no wpr-jarallax-no wpr-parallax-no wpr-sticky-section-no wpr-equal-height-no e-con e-parent\" data-id=\"2de1094\" data-element_type=\"container\" data-e-type=\"container\" data-settings=\"{&quot;background_background&quot;:&quot;classic&quot;}\">\n\t\t\t\t\t<div class=\"e-con-inner\">\n\t\t<div class=\"elementor-element elementor-element-8f38dea e-con-full e-flex wpr-particle-no wpr-jarallax-no wpr-parallax-no wpr-sticky-section-no wpr-equal-height-no e-con e-child\" data-id=\"8f38dea\" data-element_type=\"container\" data-e-type=\"container\" data-settings=\"{&quot;background_background&quot;:&quot;classic&quot;}\">\n\t\t\t\t<div class=\"elementor-element elementor-element-bb3ea83 elementor-widget-divider--view-line elementor-widget elementor-widget-divider\" data-id=\"bb3ea83\" data-element_type=\"widget\" data-e-type=\"widget\" data-widget_type=\"divider.default\">\n\t\t\t\t\t\t\t<div class=\"elementor-divider\">\n\t\t\t<span class=\"elementor-divider-separator\">\n\t\t\t\t\t\t<\/span>\n\t\t<\/div>\n\t\t\t\t\t\t<\/div>\n\t\t\t\t<div class=\"elementor-element elementor-element-b1230b0 elementor-widget elementor-widget-text-editor\" data-id=\"b1230b0\" data-element_type=\"widget\" data-e-type=\"widget\" data-widget_type=\"text-editor.default\">\n\t\t\t\t\t\t\t\t\t<p><a href=\"\/\">Home<\/a> \u00bb<a href=\"\/tratamentos\/\"> Tratamentos<\/a> \u00bb <a href=\"\/procedimentos-para-controle-da-dor\/\">Procedimentos para Controle da Dor<\/a> \u00bb Infiltra\u00e7\u00f5es Foraminais Facet\u00e1rias<\/p>\t\t\t\t\t\t\t\t<\/div>\n\t\t\t\t<div class=\"elementor-element elementor-element-4784c89 elementor-widget elementor-widget-heading\" data-id=\"4784c89\" data-element_type=\"widget\" data-e-type=\"widget\" data-widget_type=\"heading.default\">\n\t\t\t\t\t<h2 class=\"elementor-heading-title elementor-size-default\">Infiltra\u00e7\u00f5es Foraminais Facet\u00e1rias<\/h2>\t\t\t\t<\/div>\n\t\t\t\t<div class=\"elementor-element elementor-element-e18b9c2 elementor-widget elementor-widget-text-editor\" data-id=\"e18b9c2\" data-element_type=\"widget\" data-e-type=\"widget\" data-widget_type=\"text-editor.default\">\n\t\t\t\t\t\t\t\t\t<p>Tecnologia e precis\u00e3o para controle da dor e preserva\u00e7\u00e3o da mobilidade.<\/p>\t\t\t\t\t\t\t\t<\/div>\n\t\t\t\t<div class=\"elementor-element elementor-element-ce41dcd elementor-view-default elementor-widget elementor-widget-icon\" data-id=\"ce41dcd\" data-element_type=\"widget\" data-e-type=\"widget\" data-widget_type=\"icon.default\">\n\t\t\t\t\t\t\t<div class=\"elementor-icon-wrapper\">\n\t\t\t<div class=\"elementor-icon\">\n\t\t\t<svg aria-hidden=\"true\" class=\"e-font-icon-svg e-fas-angle-down\" viewBox=\"0 0 320 512\" xmlns=\"http:\/\/www.w3.org\/2000\/svg\"><path d=\"M143 352.3L7 216.3c-9.4-9.4-9.4-24.6 0-33.9l22.6-22.6c9.4-9.4 24.6-9.4 33.9 0l96.4 96.4 96.4-96.4c9.4-9.4 24.6-9.4 33.9 0l22.6 22.6c9.4 9.4 9.4 24.6 0 33.9l-136 136c-9.2 9.4-24.4 9.4-33.8 0z\"><\/path><\/svg>\t\t\t<\/div>\n\t\t<\/div>\n\t\t\t\t\t\t<\/div>\n\t\t\t\t<div class=\"elementor-element elementor-element-aaba990 elementor-widget-divider--view-line elementor-widget elementor-widget-divider\" data-id=\"aaba990\" data-element_type=\"widget\" data-e-type=\"widget\" data-widget_type=\"divider.default\">\n\t\t\t\t\t\t\t<div class=\"elementor-divider\">\n\t\t\t<span class=\"elementor-divider-separator\">\n\t\t\t\t\t\t<\/span>\n\t\t<\/div>\n\t\t\t\t\t\t<\/div>\n\t\t\t\t<\/div>\n\t\t\t\t\t<\/div>\n\t\t\t\t<\/div>\n\t\t<div class=\"elementor-element elementor-element-0c2b940 elementor-hidden-desktop e-flex e-con-boxed wpr-particle-no wpr-jarallax-no wpr-parallax-no wpr-sticky-section-no wpr-equal-height-no e-con e-parent\" data-id=\"0c2b940\" data-element_type=\"container\" data-e-type=\"container\" data-settings=\"{&quot;background_background&quot;:&quot;classic&quot;}\">\n\t\t\t\t\t<div class=\"e-con-inner\">\n\t\t<div class=\"elementor-element elementor-element-99334d8 e-con-full e-flex wpr-particle-no wpr-jarallax-no wpr-parallax-no wpr-sticky-section-no wpr-equal-height-no e-con e-child\" data-id=\"99334d8\" data-element_type=\"container\" data-e-type=\"container\" data-settings=\"{&quot;background_background&quot;:&quot;classic&quot;}\">\n\t\t\t\t<div class=\"elementor-element elementor-element-2602f76 elementor-widget-divider--view-line elementor-widget elementor-widget-divider\" data-id=\"2602f76\" data-element_type=\"widget\" data-e-type=\"widget\" data-widget_type=\"divider.default\">\n\t\t\t\t\t\t\t<div class=\"elementor-divider\">\n\t\t\t<span class=\"elementor-divider-separator\">\n\t\t\t\t\t\t<\/span>\n\t\t<\/div>\n\t\t\t\t\t\t<\/div>\n\t\t\t\t<div class=\"elementor-element elementor-element-e503b6b elementor-widget elementor-widget-text-editor\" data-id=\"e503b6b\" data-element_type=\"widget\" data-e-type=\"widget\" data-widget_type=\"text-editor.default\">\n\t\t\t\t\t\t\t\t\t<p><a href=\"\/\">Home<\/a> \u00bb<a href=\"\/tratamentos\/\"> Tratamentos<\/a> \u00bb <a href=\"\/procedimentos-para-controle-da-dor\/\">Procedimentos para Controle da Dor<\/a> \u00bb Infiltra\u00e7\u00f5es Foraminais Facet\u00e1rias<\/p>\t\t\t\t\t\t\t\t<\/div>\n\t\t\t\t<div class=\"elementor-element elementor-element-2b73fbd elementor-widget elementor-widget-heading\" data-id=\"2b73fbd\" data-element_type=\"widget\" data-e-type=\"widget\" data-widget_type=\"heading.default\">\n\t\t\t\t\t<h2 class=\"elementor-heading-title elementor-size-default\">Infiltra\u00e7\u00f5es Foraminais Facet\u00e1rias<\/h2>\t\t\t\t<\/div>\n\t\t\t\t<div class=\"elementor-element elementor-element-aa64c8c elementor-widget elementor-widget-text-editor\" data-id=\"aa64c8c\" data-element_type=\"widget\" data-e-type=\"widget\" data-widget_type=\"text-editor.default\">\n\t\t\t\t\t\t\t\t\t<p>Tecnologia e precis\u00e3o para controle da dor e preserva\u00e7\u00e3o da mobilidade.<\/p>\t\t\t\t\t\t\t\t<\/div>\n\t\t\t\t<div class=\"elementor-element elementor-element-7e723df elementor-view-default elementor-widget elementor-widget-icon\" data-id=\"7e723df\" data-element_type=\"widget\" data-e-type=\"widget\" data-widget_type=\"icon.default\">\n\t\t\t\t\t\t\t<div class=\"elementor-icon-wrapper\">\n\t\t\t<div class=\"elementor-icon\">\n\t\t\t<svg aria-hidden=\"true\" class=\"e-font-icon-svg e-fas-angle-down\" viewBox=\"0 0 320 512\" xmlns=\"http:\/\/www.w3.org\/2000\/svg\"><path d=\"M143 352.3L7 216.3c-9.4-9.4-9.4-24.6 0-33.9l22.6-22.6c9.4-9.4 24.6-9.4 33.9 0l96.4 96.4 96.4-96.4c9.4-9.4 24.6-9.4 33.9 0l22.6 22.6c9.4 9.4 9.4 24.6 0 33.9l-136 136c-9.2 9.4-24.4 9.4-33.8 0z\"><\/path><\/svg>\t\t\t<\/div>\n\t\t<\/div>\n\t\t\t\t\t\t<\/div>\n\t\t\t\t<div class=\"elementor-element elementor-element-b0497cc elementor-widget-divider--view-line elementor-widget elementor-widget-divider\" data-id=\"b0497cc\" data-element_type=\"widget\" data-e-type=\"widget\" data-widget_type=\"divider.default\">\n\t\t\t\t\t\t\t<div class=\"elementor-divider\">\n\t\t\t<span class=\"elementor-divider-separator\">\n\t\t\t\t\t\t<\/span>\n\t\t<\/div>\n\t\t\t\t\t\t<\/div>\n\t\t\t\t<\/div>\n\t\t\t\t\t<\/div>\n\t\t\t\t<\/div>\n\t\t<div class=\"elementor-element elementor-element-130f26e e-flex e-con-boxed wpr-particle-no wpr-jarallax-no wpr-parallax-no wpr-sticky-section-no wpr-equal-height-no e-con e-parent\" data-id=\"130f26e\" data-element_type=\"container\" data-e-type=\"container\">\n\t\t\t\t\t<div class=\"e-con-inner\">\n\t\t\t\t<div class=\"elementor-element elementor-element-6a83ffe elementor-widget-divider--view-line elementor-widget elementor-widget-divider\" data-id=\"6a83ffe\" data-element_type=\"widget\" data-e-type=\"widget\" data-widget_type=\"divider.default\">\n\t\t\t\t\t\t\t<div class=\"elementor-divider\">\n\t\t\t<span class=\"elementor-divider-separator\">\n\t\t\t\t\t\t<\/span>\n\t\t<\/div>\n\t\t\t\t\t\t<\/div>\n\t\t\t\t<div class=\"elementor-element elementor-element-a851615 elementor-widget elementor-widget-text-editor\" data-id=\"a851615\" data-element_type=\"widget\" data-e-type=\"widget\" data-widget_type=\"text-editor.default\">\n\t\t\t\t\t\t\t\t\t<p>Na&nbsp;<strong>SanosLife<\/strong>, entendemos que muitas dores da coluna n\u00e3o exigem cirurgia convencional. Por isso, oferecemos procedimentos&nbsp;<strong>minimamente invasivos<\/strong>&nbsp;como os&nbsp;<strong>bloqueios foraminais e facet\u00e1rios<\/strong>, que atuam diretamente nas regi\u00f5es respons\u00e1veis pela dor, com alta efic\u00e1cia, seguran\u00e7a e recupera\u00e7\u00e3o r\u00e1pida.<\/p>\n<p>Essas abordagens fazem parte das&nbsp;<strong>interven\u00e7\u00f5es guiadas por imagem<\/strong>&nbsp;voltadas para o al\u00edvio da dor cr\u00f4nica,&nbsp;<strong>preservando a integridade das estruturas da coluna vertebral<\/strong>&nbsp;e evitando, sempre que poss\u00edvel, procedimentos mais agressivos.<\/p>\n<p><br><\/p>\n<h2 id=\"h-o-que-sao-as-infiltracoes-foraminais-e-facetarias\" class=\"wp-block-heading\">O que s\u00e3o as infiltra\u00e7\u00f5es foraminais e facet\u00e1rias?<\/h2>\n<div class=\"wp-block-columns are-vertically-aligned-center is-layout-flex wp-container-core-columns-is-layout-28f84493 wp-block-columns-is-layout-flex\">\n<div class=\"wp-block-column is-vertically-aligned-center is-layout-flow wp-container-core-column-is-layout-f5bb311e wp-block-column-is-layout-flow\">\n<ul class=\"wp-block-list\">\n<li><strong>Infiltra\u00e7\u00f5es foraminais<\/strong>: indicadas quando h\u00e1&nbsp;<strong>compress\u00e3o ou inflama\u00e7\u00e3o das ra\u00edzes nervosas<\/strong>&nbsp;que saem da coluna (por h\u00e9rnias, artrose ou estreitamentos do canal vertebral). O procedimento consiste na aplica\u00e7\u00e3o precisa de medicamentos anti-inflamat\u00f3rios e\/ou anest\u00e9sicos no&nbsp;<strong>forame intervertebral<\/strong>, espa\u00e7o por onde passa o nervo.<\/li>\n<li><strong>Bloqueios facet\u00e1rios<\/strong>: focados nas&nbsp;<strong>articula\u00e7\u00f5es facet\u00e1rias<\/strong>, pequenas articula\u00e7\u00f5es posteriores entre as v\u00e9rtebras, comumente acometidas por artrose e inflama\u00e7\u00f5es. A infiltra\u00e7\u00e3o reduz a inflama\u00e7\u00e3o e a dor local, melhorando a mobilidade e funcionalidade.<\/li>\n<\/ul>\n<p>Ambos os procedimentos s\u00e3o realizados com&nbsp;<strong>guiamento por ultrassom ou fluoroscopia (raios X)<\/strong>, garantindo&nbsp;<strong>precis\u00e3o e seguran\u00e7a<\/strong>.<\/p>\n<p><br><\/p>\n<\/div>\n<\/div>\n<h2 id=\"h-indicacoes-mais-comuns\" class=\"wp-block-heading\">Indica\u00e7\u00f5es mais comuns<\/h2>\n<ul class=\"wp-block-list\">\n<li>H\u00e9rnia de disco com dor irradiada (ci\u00e1tica ou braquialgia)<\/li>\n<li>Estenose de canal vertebral<\/li>\n<li>Artrose facet\u00e1ria (lombar ou cervical)<\/li>\n<li>S\u00edndrome da faceta (dor localizada nas costas)<\/li>\n<li>Dor p\u00f3s-operat\u00f3ria persistente<\/li>\n<li>Dor cervical ou lombar cr\u00f4nica sem melhora com tratamentos conservadores<\/li>\n<li>Radiculopatias (inflama\u00e7\u00e3o dos nervos espinhais)<\/li>\n<\/ul>\n<div><br><\/div>\n<h2 id=\"h-beneficios-dos-bloqueios-e-infiltracoes-na-coluna\" class=\"wp-block-heading\">Benef\u00edcios dos bloqueios e infiltra\u00e7\u00f5es na coluna<\/h2>\n<ul class=\"wp-block-list\">\n<li>Al\u00edvio imediato e duradouro da dor irradiada ou localizada<\/li>\n<li>Procedimento ambulatorial, com retorno r\u00e1pido \u00e0s atividades<\/li>\n<li>Evita ou posterga necessidade de cirurgia tradicional<\/li>\n<li>T\u00e9cnica precisa, com baixo risco e pouca invasividade<\/li>\n<li>Pode ser associada a fisioterapia e reabilita\u00e7\u00e3o funcional<\/li>\n<li>Permite avalia\u00e7\u00e3o diagn\u00f3stica al\u00e9m do tratamento (bloqueio diagn\u00f3stico)<\/li>\n<\/ul><div><br><\/div>\n<h2 id=\"h-sanoslife-intervencao-com-inteligencia-cuidado-com-proposito\" class=\"wp-block-heading\">SanosLife: interven\u00e7\u00e3o com intelig\u00eancia, cuidado com prop\u00f3sito<\/h2>\n<p>Na&nbsp;<strong>SanosLife<\/strong>, os bloqueios da coluna s\u00e3o realizados por&nbsp;<strong>m\u00e9dicos especialistas em dor e t\u00e9cnicas intervencionistas<\/strong>, com o suporte de tecnologia avan\u00e7ada de imagem e foco total na seguran\u00e7a, conforto e resultado funcional do paciente.<\/p>\n<p>Cada interven\u00e7\u00e3o \u00e9 parte de um&nbsp;<strong>plano personalizado<\/strong>, que pode incluir reabilita\u00e7\u00e3o f\u00edsica, fortalecimento muscular, acompanhamento nutricional e terapias regenerativas.<strong>Tratar a dor na coluna com precis\u00e3o \u00e9 mais do que aliviar o sintoma \u2014 \u00e9 devolver liberdade, confian\u00e7a e movimento.&nbsp;<\/strong>Na&nbsp;<strong>SanosLife<\/strong>, aliamos ci\u00eancia, tecnologia e empatia para cuidar da sua coluna de forma completa.<\/p>\t\t\t\t\t\t\t\t<\/div>\n\t\t\t\t\t<\/div>\n\t\t\t\t<\/div>\n\t\t<div class=\"elementor-element elementor-element-da08825 e-flex e-con-boxed wpr-particle-no wpr-jarallax-no wpr-parallax-no wpr-sticky-section-no wpr-equal-height-no e-con e-parent\" data-id=\"da08825\" data-element_type=\"container\" data-e-type=\"container\">\n\t\t\t\t\t<div class=\"e-con-inner\">\n\t\t\t\t<div class=\"elementor-element elementor-element-b7bd923 elementor-align-center elementor-widget elementor-widget-button\" data-id=\"b7bd923\" data-element_type=\"widget\" data-e-type=\"widget\" data-widget_type=\"button.default\">\n\t\t\t\t\t\t\t\t\t\t<a class=\"elementor-button elementor-button-link elementor-size-sm\" href=\"https:\/\/api.whatsapp.com\/send\/?phone=5521985635375&#038;text=Ol%C3%A1%21+Estou+vindo+pelo+SITE+e+gostaria+de+informa%C3%A7%C3%B5es.+Pode+me+ajudar%3F\">\n\t\t\t\t\t\t<span class=\"elementor-button-content-wrapper\">\n\t\t\t\t\t\t\t\t\t<span class=\"elementor-button-text\">Marque uma consulta<\/span>\n\t\t\t\t\t<\/span>\n\t\t\t\t\t<\/a>\n\t\t\t\t\t\t\t\t<\/div>\n\t\t\t\t\t<\/div>\n\t\t\t\t<\/div>\n\t\t<div class=\"elementor-element elementor-element-8eeb13c e-flex e-con-boxed wpr-particle-no wpr-jarallax-no wpr-parallax-no wpr-sticky-section-no wpr-equal-height-no e-con e-parent\" data-id=\"8eeb13c\" data-element_type=\"container\" data-e-type=\"container\">\n\t\t\t\t\t<div class=\"e-con-inner\">\n\t\t\t\t<div class=\"elementor-element elementor-element-19e647f elementor-widget-divider--view-line elementor-widget elementor-widget-divider\" data-id=\"19e647f\" data-element_type=\"widget\" data-e-type=\"widget\" data-widget_type=\"divider.default\">\n\t\t\t\t\t\t\t<div class=\"elementor-divider\">\n\t\t\t<span class=\"elementor-divider-separator\">\n\t\t\t\t\t\t<\/span>\n\t\t<\/div>\n\t\t\t\t\t\t<\/div>\n\t\t\t\t\t<\/div>\n\t\t\t\t<\/div>\n\t\t\t\t<\/div>\n\t\t","protected":false},"excerpt":{"rendered":"<p>Home \u00bb Tratamentos \u00bb Procedimentos para Controle da Dor \u00bb Infiltra\u00e7\u00f5es Foraminais Facet\u00e1rias Infiltra\u00e7\u00f5es Foraminais Facet\u00e1rias Tecnologia e precis\u00e3o para controle da dor e preserva\u00e7\u00e3o da mobilidade. Home \u00bb Tratamentos \u00bb Procedimentos para Controle da Dor \u00bb Infiltra\u00e7\u00f5es Foraminais Facet\u00e1rias Infiltra\u00e7\u00f5es Foraminais Facet\u00e1rias Tecnologia e precis\u00e3o para controle da dor e preserva\u00e7\u00e3o da mobilidade. Na&nbsp;SanosLife, entendemos que muitas dores da coluna n\u00e3o exigem cirurgia convencional. Por isso, oferecemos procedimentos&nbsp;minimamente invasivos&nbsp;como os&nbsp;bloqueios foraminais e facet\u00e1rios, que atuam diretamente nas regi\u00f5es respons\u00e1veis pela dor, com alta efic\u00e1cia, seguran\u00e7a e recupera\u00e7\u00e3o r\u00e1pida. Essas abordagens fazem parte das&nbsp;interven\u00e7\u00f5es guiadas por imagem&nbsp;voltadas para o al\u00edvio da dor cr\u00f4nica,&nbsp;preservando a integridade das estruturas da coluna vertebral&nbsp;e evitando, sempre que poss\u00edvel, procedimentos mais agressivos. O que s\u00e3o as infiltra\u00e7\u00f5es foraminais e facet\u00e1rias? Infiltra\u00e7\u00f5es foraminais: indicadas quando h\u00e1&nbsp;compress\u00e3o ou inflama\u00e7\u00e3o das ra\u00edzes nervosas&nbsp;que saem da coluna (por h\u00e9rnias, artrose ou estreitamentos do canal vertebral). O procedimento consiste na aplica\u00e7\u00e3o precisa de medicamentos anti-inflamat\u00f3rios e\/ou anest\u00e9sicos no&nbsp;forame intervertebral, espa\u00e7o por onde passa o nervo. Bloqueios facet\u00e1rios: focados nas&nbsp;articula\u00e7\u00f5es facet\u00e1rias, pequenas articula\u00e7\u00f5es posteriores entre as v\u00e9rtebras, comumente acometidas por artrose e inflama\u00e7\u00f5es. A infiltra\u00e7\u00e3o reduz a inflama\u00e7\u00e3o e a dor local, melhorando a mobilidade e funcionalidade. Ambos os procedimentos s\u00e3o realizados com&nbsp;guiamento por ultrassom ou fluoroscopia (raios X), garantindo&nbsp;precis\u00e3o e seguran\u00e7a. Indica\u00e7\u00f5es mais comuns H\u00e9rnia de disco com dor irradiada (ci\u00e1tica ou braquialgia) Estenose de canal vertebral Artrose facet\u00e1ria (lombar ou cervical) S\u00edndrome da faceta (dor localizada nas costas) Dor p\u00f3s-operat\u00f3ria persistente Dor cervical ou lombar cr\u00f4nica sem melhora com tratamentos conservadores Radiculopatias (inflama\u00e7\u00e3o dos nervos espinhais) Benef\u00edcios dos bloqueios e infiltra\u00e7\u00f5es na coluna Al\u00edvio imediato e duradouro da dor irradiada ou localizada Procedimento ambulatorial, com retorno r\u00e1pido \u00e0s atividades Evita ou posterga necessidade de cirurgia tradicional T\u00e9cnica precisa, com baixo risco e pouca invasividade Pode ser associada a fisioterapia e reabilita\u00e7\u00e3o funcional Permite avalia\u00e7\u00e3o diagn\u00f3stica al\u00e9m do tratamento (bloqueio diagn\u00f3stico) SanosLife: interven\u00e7\u00e3o com intelig\u00eancia, cuidado com prop\u00f3sito Na&nbsp;SanosLife, os bloqueios da coluna s\u00e3o realizados por&nbsp;m\u00e9dicos especialistas em dor e t\u00e9cnicas intervencionistas, com o suporte de tecnologia avan\u00e7ada de imagem e foco total na seguran\u00e7a, conforto e resultado funcional do paciente. Cada interven\u00e7\u00e3o \u00e9 parte de um&nbsp;plano personalizado, que pode incluir reabilita\u00e7\u00e3o f\u00edsica, fortalecimento muscular, acompanhamento nutricional e terapias regenerativas.Tratar a dor na coluna com precis\u00e3o \u00e9 mais do que aliviar o sintoma \u2014 \u00e9 devolver liberdade, confian\u00e7a e movimento.&nbsp;Na&nbsp;SanosLife, aliamos ci\u00eancia, tecnologia e empatia para cuidar da sua coluna de forma completa. Marque uma consulta<\/p>\n","protected":false},"author":1,"featured_media":0,"parent":0,"menu_order":0,"comment_status":"closed","ping_status":"closed","template":"elementor_canvas","meta":{"footnotes":""},"class_list":["post-4668","page","type-page","status-publish","hentry"],"aioseo_notices":[],"_links":{"self":[{"href":"https:\/\/cograjau.com.br\/index.php?rest_route=\/wp\/v2\/pages\/4668","targetHints":{"allow":["GET"]}}],"collection":[{"href":"https:\/\/cograjau.com.br\/index.php?rest_route=\/wp\/v2\/pages"}],"about":[{"href":"https:\/\/cograjau.com.br\/index.php?rest_route=\/wp\/v2\/types\/page"}],"author":[{"embeddable":true,"href":"https:\/\/cograjau.com.br\/index.php?rest_route=\/wp\/v2\/users\/1"}],"replies":[{"embeddable":true,"href":"https:\/\/cograjau.com.br\/index.php?rest_route=%2Fwp%2Fv2%2Fcomments&post=4668"}],"version-history":[{"count":6,"href":"https:\/\/cograjau.com.br\/index.php?rest_route=\/wp\/v2\/pages\/4668\/revisions"}],"predecessor-version":[{"id":7854,"href":"https:\/\/cograjau.com.br\/index.php?rest_route=\/wp\/v2\/pages\/4668\/revisions\/7854"}],"wp:attachment":[{"href":"https:\/\/cograjau.com.br\/index.php?rest_route=%2Fwp%2Fv2%2Fmedia&parent=4668"}],"curies":[{"name":"wp","href":"https:\/\/api.w.org\/{rel}","templated":true}]}}